08?
2, 4339927
List the prime factors of 9624418.
2, 4812209
What are the prime factors of 673128175?
5, 17, 103, 15377
List the prime factors of 23021228.
2, 5755307
What are the prime factors of 4456797309?
3, 55022189
What are the prime factors of 4053788426?
2, 2026894213
What are the prime factors of 102277094?
2, 51138547
List the prime factors of 74418774.
2, 3, 89, 139361
What are the prime factors of 5285710?
2, 5, 89, 5939
What are the prime factors of 101776928?
2, 11, 289139
What are the prime factors of 52792407?
3, 5865823
List the prime factors of 985425832.
2, 73, 1687373
What are the prime factors of 425736460?
2, 5, 21286823
What are the prime factors of 50041227?
3, 2029, 8221
List the prime factors of 23191354.
2, 11595677
What are the prime factors of 121785676?
2, 59, 491, 1051
What are the prime factors of 426798014?
2, 213399007
What are the prime factors of 1895013278?
2, 73, 12979543
List the prime factors of 266544701.
331, 805271
List the prime factors of 186671573.
11, 16970143
List the prime factors of 3960635.
5, 7, 113161
List the prime factors of 24880694.
2, 97, 277, 463
What are the prime factors of 1380263374?
2, 7, 101, 373, 2617
What are the prime factors of 3131712167?
3131712167
What are the prime factors of 410974077?
3, 683, 200573
List the prime factors of 337735544.
2, 2659, 15877
What are the prime factors of 87783204?
2, 3, 283, 25849
List the prime factors of 609323220.
2, 3, 5, 11, 439, 701
What are the prime factors of 180547440?
2, 3, 5, 752281
What are the prime factors of 285388972?
2, 11, 167, 38839
What are the prime factors of 760376667?
3, 253458889
What are the prime factors of 231518925?
3, 5, 11, 31181
List the prime factors of 456103534.
2, 353, 646039
List the prime factors of 871499899.
1237, 704527
List the prime factors of 356381452.
2, 7, 12727909
List the prime factors of 36006762.
2, 3, 11, 317, 1721
What are the prime factors of 1256951871?
3, 7, 59, 16103
What are the prime factors of 66973420?
2, 5, 593, 5647
What are the prime factors of 267288299?
1303, 205133
What are the prime factors of 165905224?
2, 541, 38333
List the prime factors of 279611333.
241, 1160213
List the prime factors of 1250672940.
2, 3, 5, 11, 19141
What are the prime factors of 96539445?
3, 5, 238369
What are the prime factors of 127746923?
127746923
What are the prime factors of 98729324?
2, 67, 137, 2689
What are the prime factors of 69355879?
23, 47, 83, 773
What are the prime factors of 3917561213?
97, 40387229
What are the prime factors of 165364948?
2, 7, 5905891
List the prime factors of 439899510.
2, 3, 5, 163, 89959
List the prime factors of 19350084.
2, 3, 13, 23, 5393
List the prime factors of 373259332.
2, 19, 1439, 3413
List the prime factors of 1940711691.
3, 646903897
What are the prime factors of 227721645?
3, 5, 1686827
List the prime factors of 454020736.
2, 13, 23, 11863
What are the prime factors of 22926095?
5, 29, 43, 3677
List the prime factors of 955503487.
223, 1409, 3041
List the prime factors of 2602898205.
3, 5, 173526547
List the prime factors of 40040209.
11, 3640019
List the prime factors of 465205570.
2, 5, 46520557
List the prime factors of 83939458.
2, 37, 163, 6959
What are the prime factors of 4514801703?
3, 1504933901
What are the prime factors of 150902962?
2, 7, 10778783
List the prime factors of 992579622.
2, 3, 317, 521861
What are the prime factors of 5911781972?
2, 1477945493
What are the prime factors of 119881182?
2, 3, 199, 100403
List the prime factors of 183590436.
2, 3, 251, 60953
List the prime factors of 3118635534.
2, 3, 7, 2957, 25111
List the prime factors of 311994870.
2, 3, 5, 11, 61, 1409
List the prime factors of 1165325726.
2, 103, 5656921
List the prime factors of 1261597765.
5, 252319553
What are the prime factors of 31015503?
3, 719, 4793
List the prime factors of 41874452.
2, 53, 197521
List the prime factors of 438030931.
13, 2591899
List the prime factors of 118804743.
3, 37, 43, 8297
List the prime factors of 1713918258.
2, 3, 13, 59, 41381
What are the prime factors of 138938810?
2, 5, 653, 21277
What are the prime factors of 893757776?
2, 31, 1801931
What are the prime factors of 57677771?
277, 208223
List the prime factors of 35268087.
3, 1723, 6823
List the prime factors of 35666833.
17, 31, 67679
What are the prime factors of 499818336?
2, 3, 23, 226367
What are the prime factors of 1960167510?
2, 3, 5, 7, 31, 167, 601
List the prime factors of 560993302.
2, 17, 16499803
What are the prime factors of 4377759419?
11, 397978129
What are the prime factors of 1674201293?
17, 67, 1469887
List the prime factors of 1848812298.
2, 3, 197, 1564139
What are the prime factors of 28784087?
1861, 15467
List the prime factors of 69105594.
2, 3, 2399, 4801
What are the prime factors of 93050119?
93050119
List the prime factors of 2036182910.
2, 5, 331, 615161
What are the prime factors of 36942524?
2, 131, 70501
What are the prime factors of 746434262?
2, 7, 313, 170341
List the prime factors of 1279545434.
2, 311, 2057147
What are the prime factors of 160858269?
3, 11, 13, 124987
List the prime factors of 128043311.
11, 257, 45293
What are the prime factors of 519025328?
2, 73, 107, 4153
What are the prime factors of 1508461465?
5, 7, 1861, 23159
What are the prime factors of 39860707?
967, 41221
List the prime factors of 233729985.
3, 5, 15581999
What are the prime factors of 106148750?
2, 5, 84919
List the prime factors of 3918548678.
2, 11, 41, 79, 127, 433
List the prime factors of 3391444000.
2, 5, 7, 121123
List the prime factors of 222402195.
3, 5, 4942271
List the prime factors of 10397531.
587, 17713
List the prime factors of 778315446.
2, 3, 23, 626663
List the prime factors of 144277239.
3, 48092413
What are the prime factors of 809871886?
2, 404935943
List the prime factors of 146057141.
2789, 52369
What are the prime factors of 3102757104?
2, 3, 64640773
List the prime factors of 96021.
3, 47, 227
List the prime factors of 29241243.
3, 361003
List the prime factors of 101208497.
13, 17, 19, 24103
What are the prime factors of 625670930?
2, 5, 239, 261787
What are the prime factors of 28564147?
28564147
What are the prime factors of 1597838?
2, 11, 59, 1231
List the prime factors of 1623136402.
2, 811568201
List the prime factors of 3458391843.
3, 19181, 60101
List the prime factors of 3590442260.
2, 5, 37, 4851949
What are the prime factors of 144059859?
3, 16006651
List the prime factors of 339844241.
11, 19, 157, 10357
What are the prime factors of 43050971?
31, 79, 17579
What are the prime factors of 1271982059?
1753, 725603
What are the prime factors of 68591885?
5, 13718377
List the prime factors of 348053728.
2, 11, 988789
What are the prime factors of 702418?
2, 157, 2237
List the prime factors of 127849215.
3, 5, 13, 655637
What are the prime factors of 24461146?
2, 307, 39839
List the prime factors of 20124066.
2, 3, 1423, 2357
List the prime factors of 1161731799.
3, 5407, 23873
List the prime factors of 1125413858.
2, 7873, 71473
List the prime factors of 2830125.
3, 5, 7547
What are the prime factors of 3810983802?
2, 3, 635163967
What are the prime factors of 207262904?
2, 2297, 11279
List the prime factors of 4839529559.
4839529559
List the prime factors of 1213622626.
2, 43, 47, 211, 1423
List the prime factors of 815689991.
815689991
List the prime factors of 52223114.
2, 659, 39623
List the prime factors of 3238996900.
2, 5, 32389969
What are the prime factors of 275555092?
2, 173, 491, 811
What are the prime factors of 109260179?
7, 15608597
What are the prime factors of 101798135?
5, 73, 131, 2129
What are the prime factors of 9613153?
11, 137, 6379
What are the prime factors of 4846886?
2, 11, 29, 71, 107
List the prime factors of 178713647.
7, 107, 269, 887
What are the prime factors of 8044053955?
5, 7, 2417, 95089
What are the prime factors of 1692119435?
5, 338423887
What are the prime factors of 1068849667?
43, 24856969
List the prime factors of 216985870.
2, 5, 2081, 10427
List the prime factors of 196695873.
3, 11, 563, 3529
List the prime factors of 236738408.
2, 109, 271489
What are the prime factors of 444125648?
2, 27757853
List the prime factors of 895953540.
2, 3, 5, 131, 113989
What are the prim